{"id":436,"date":"2021-03-23T19:05:06","date_gmt":"2021-03-23T18:05:06","guid":{"rendered":"http:\/\/www.aikido-ffab-ra.org\/?page_id=436"},"modified":"2025-09-18T15:37:55","modified_gmt":"2025-09-18T13:37:55","slug":"gerer-un-club-d-aikido","status":"publish","type":"page","link":"https:\/\/www.aikido-ffab-ra.org\/?page_id=436","title":{"rendered":"Gerer un club d&rsquo;A\u00efkido"},"content":{"rendered":"\t\t<div data-elementor-type=\"wp-page\" data-elementor-id=\"436\" class=\"elementor elementor-436\">\n\t\t\t\t\t\t\t\t\t<section class=\"elementor-section elementor-top-section elementor-element elementor-element-2e356d7 elementor-section-full_width elementor-section-height-min-height elementor-section-stretched elementor-section-height-default elementor-section-items-middle\" data-id=\"2e356d7\" data-element_type=\"section\" data-settings=\"{&quot;stretch_section&quot;:&quot;section-stretched&quot;,&quot;background_background&quot;:&quot;classic&quot;}\">\n\t\t\t\t\t\t<div class=\"elementor-container elementor-column-gap-default\">\n\t\t\t\t\t<div class=\"elementor-column elementor-col-100 elementor-top-column elementor-element elementor-element-c209717\" data-id=\"c209717\" data-element_type=\"column\">\n\t\t\t<div class=\"elementor-widget-wrap\">\n\t\t\t\t\t\t\t\t\t<\/div>\n\t\t<\/div>\n\t\t\t\t\t\t\t<\/div>\n\t\t<\/section>\n\t\t\t\t<section class=\"elementor-section elementor-top-section elementor-element elementor-element-50cbd61b elementor-section-full_width elementor-section-stretched elementor-section-height-default elementor-section-height-default\" data-id=\"50cbd61b\" data-element_type=\"section\" data-settings=\"{&quot;stretch_section&quot;:&quot;section-stretched&quot;}\">\n\t\t\t\t\t\t<div class=\"elementor-container elementor-column-gap-default\">\n\t\t\t\t\t<div class=\"elementor-column elementor-col-50 elementor-top-column elementor-element elementor-element-58e6235\" data-id=\"58e6235\" data-element_type=\"column\">\n\t\t\t<div class=\"elementor-widget-wrap elementor-element-populated\">\n\t\t\t\t\t\t\t\t<div class=\"elementor-element elementor-element-1a94905 elementor-widget elementor-widget-image\" data-id=\"1a94905\" data-element_type=\"widget\" data-widget_type=\"image.default\">\n\t\t\t\t<div class=\"elementor-widget-container\">\n\t\t\t\t\t\t\t\t\t\t\t\t\t\t\t<img loading=\"lazy\" decoding=\"async\" width=\"630\" height=\"420\" src=\"https:\/\/www.aikido-ffab-ra.org\/wp-content\/uploads\/gerer-un-club-d-aikido\/Gerer-un-club-Aikido-1.jpg\" class=\"attachment-large size-large\" alt=\"Gerer-un-club-Aikido-1\" srcset=\"https:\/\/www.aikido-ffab-ra.org\/wp-content\/uploads\/gerer-un-club-d-aikido\/Gerer-un-club-Aikido-1.jpg 630w, https:\/\/www.aikido-ffab-ra.org\/wp-content\/uploads\/gerer-un-club-d-aikido\/Gerer-un-club-Aikido-1-450x300.jpg 450w\" sizes=\"auto, (max-width: 630px) 100vw, 630px\" \/>\t\t\t\t\t\t\t\t\t\t\t\t\t\t\t<\/div>\n\t\t\t\t<\/div>\n\t\t\t\t\t<\/div>\n\t\t<\/div>\n\t\t\t\t<div class=\"elementor-column elementor-col-50 elementor-top-column elementor-element elementor-element-2a464cfa\" data-id=\"2a464cfa\" data-element_type=\"column\">\n\t\t\t<div class=\"elementor-widget-wrap elementor-element-populated\">\n\t\t\t\t\t\t\t\t<div class=\"elementor-element elementor-element-7e2b30c9 elementor-widget elementor-widget-text-editor\" data-id=\"7e2b30c9\" data-element_type=\"widget\" data-widget_type=\"text-editor.default\">\n\t\t\t\t<div class=\"elementor-widget-container\">\n\t\t\t\t\t\t\t<h2>Cr\u00e9ation &amp; gestion d\u2019un Club d\u2019A\u00efkido FFAB<\/h2><p><strong>Plus de 900 clubs ou sections de club sont affili\u00e9s \u00e0 la F.F.A.B <\/strong> et sont r\u00e9partis sur le territoire fran\u00e7ais dans<strong> vingt-six Ligues<\/strong>.<\/p><p>Un club affili\u00e9 doit\u00a0:<\/p><ol><li>\u00eatre une Association loi 1901 (d\u00e9claration de l\u2019Association en Pr\u00e9fecture et parution au Journal Officiel)<\/li><li>\u00eatre en conformit\u00e9 avec les r\u00e8gles techniques de s\u00e9curit\u00e9 des salles &#8211; Arr\u00eat\u00e9 du 25 septembre 2009<\/li><li>disposer d\u2019un enseignant titulaire d\u2019un Brevet d\u2019\u00c9tat ou d\u2019un Brevet F\u00e9d\u00e9ral<\/li><li>s\u2019acquitter aupr\u00e8s de la F.F.A.B. et de la ligue du r\u00e8glement de la cotisation annuelle club<\/li><li>poss\u00e9der une couverture d\u2019Assurance pour le lieu de pratique<\/li><li>licencier tous ses pratiquants.<\/li><\/ol><p><strong>Des outils de promotion et d\u2019information&#8230;<\/strong><\/p><ul class=\"spip\"><li>un site INTERNET\u00a0: <a class=\"spip_url spip_out auto\" href=\"http:\/\/www.ffabaikido.fr\" target=\"_blank\" rel=\"external nofollow noopener\">www.ffabaikido.fr<\/a><\/li><li>un journal &#8211; SESERAGI (diffus\u00e9 gratuitement dans les clubs et en t\u00e9l\u00e9chargement sur le site)<\/li><li>un Manuel du Pratiquant qui est \u00e0 la disposition des clubs pour \u00eatre remis aux nouveaux pratiquants avec le passeport f\u00e9d\u00e9ral o\u00f9 sont pr\u00e9sent\u00e9s l\u2019historique, des notions techniques et le Code de d\u00e9ontologie de l\u2019A\u00efkido.<\/li><li>des publications r\u00e9alis\u00e9es par les commissions f\u00e9d\u00e9rales et par la ligue dont vous d\u00e9pendrez<\/li><\/ul><p><a class=\"spip_out\" href=\"http:\/\/www.ffabaikido.fr\/fr\/cr-ation-et-gestion-d-un-club-120.html\" target=\"_blank\" rel=\"external noopener\">Plus de d\u00e9tail sur les Modalit\u00e9s Pratiques d\u2019Ouverture d\u2019un Club:<\/a><\/p><h6><em><a href=\"https:\/\/www.aikido-ffab-ra.org\/wp-content\/uploads\/1-CREER-SON-CLUB-2022-23.pdf\"><span style=\"text-decoration: underline;\"><strong>\u00a0CREER SON CLUB 2022 23<\/strong><\/span><\/a><\/em><\/h6><h6><a href=\"https:\/\/www.aikido-ffab-ra.org\/wp-content\/uploads\/2-GERER-SON-CLUB-2021.pdf\"><span style=\"text-decoration: underline;\"><strong><em>\u00a0GERER SON CLUB 2021<\/em><\/strong><\/span><\/a><\/h6><dl class=\"spip_document_1590 spip_documents spip_documents_left\"><dt><\/dt><\/dl>\t\t\t\t\t\t<\/div>\n\t\t\t\t<\/div>\n\t\t\t\t\t<\/div>\n\t\t<\/div>\n\t\t\t\t\t\t\t<\/div>\n\t\t<\/section>\n\t\t\t\t<section class=\"elementor-section elementor-top-section elementor-element elementor-element-d9803c4 elementor-section-full_width elementor-section-stretched elementor-section-height-default elementor-section-height-default\" data-id=\"d9803c4\" data-element_type=\"section\" data-settings=\"{&quot;stretch_section&quot;:&quot;section-stretched&quot;}\">\n\t\t\t\t\t\t<div class=\"elementor-container elementor-column-gap-default\">\n\t\t\t\t\t<div class=\"elementor-column elementor-col-50 elementor-top-column elementor-element elementor-element-76feda3\" data-id=\"76feda3\" data-element_type=\"column\">\n\t\t\t<div class=\"elementor-widget-wrap elementor-element-populated\">\n\t\t\t\t\t\t\t\t<div class=\"elementor-element elementor-element-7045e73 elementor-widget elementor-widget-image\" data-id=\"7045e73\" data-element_type=\"widget\" data-widget_type=\"image.default\">\n\t\t\t\t<div class=\"elementor-widget-container\">\n\t\t\t\t\t\t\t\t\t\t\t\t\t\t\t<img loading=\"lazy\" decoding=\"async\" width=\"630\" height=\"420\" src=\"https:\/\/www.aikido-ffab-ra.org\/wp-content\/uploads\/gerer-un-club-d-aikido\/Gerer-un-club-Aikido-3.jpg\" class=\"attachment-large size-large\" alt=\"\" srcset=\"https:\/\/www.aikido-ffab-ra.org\/wp-content\/uploads\/gerer-un-club-d-aikido\/Gerer-un-club-Aikido-3.jpg 630w, https:\/\/www.aikido-ffab-ra.org\/wp-content\/uploads\/gerer-un-club-d-aikido\/Gerer-un-club-Aikido-3-450x300.jpg 450w\" sizes=\"auto, (max-width: 630px) 100vw, 630px\" \/>\t\t\t\t\t\t\t\t\t\t\t\t\t\t\t<\/div>\n\t\t\t\t<\/div>\n\t\t\t\t\t<\/div>\n\t\t<\/div>\n\t\t\t\t<div class=\"elementor-column elementor-col-50 elementor-top-column elementor-element elementor-element-b6ce672\" data-id=\"b6ce672\" data-element_type=\"column\">\n\t\t\t<div class=\"elementor-widget-wrap elementor-element-populated\">\n\t\t\t\t\t\t\t\t<div class=\"elementor-element elementor-element-327f4f4 elementor-widget elementor-widget-text-editor\" data-id=\"327f4f4\" data-element_type=\"widget\" data-widget_type=\"text-editor.default\">\n\t\t\t\t<div class=\"elementor-widget-container\">\n\t\t\t\t\t\t\t<h2>AFFILIER son club \u00e0 la FFAB<\/h2><p>Pour affilier votre club d\u2019A\u00efkido \u00e0 la F\u00e9d\u00e9ration Fran\u00e7aise d\u2019A\u00efkido &amp; Budo, vous devez\u00a0:<\/p><ul class=\"spip\"><li>T\u00e9l\u00e9charger le formulaire de demande d\u2019affiliation club :<br class=\"manualbr\" \/><span style=\"text-decoration: underline;\"><a href=\"https:\/\/www.aikido-ffab-ra.org\/wp-content\/uploads\/NOUVELLE-DEMANDE-D-AFFILIATION24-25.pdf\"><em>Nouvelle demande d&rsquo;affilliation 24 25<\/em><\/a><\/span><\/li><\/ul><ul class=\"spip\"><li>Renvoyer cet imprim\u00e9 au si\u00e8ge r\u00e9gional pour visa du Pr\u00e9sident de votre ligue, compl\u00e9t\u00e9 et accompagn\u00e9 des pi\u00e8ces demand\u00e9es\u00a0:<\/li><\/ul><ol><li>Les statuts sign\u00e9s par le Pr\u00e9sident de l\u2019association<\/li><li>La copie du r\u00e9c\u00e9piss\u00e9 de la d\u00e9claration en pr\u00e9fecture<\/li><li>L\u2019extrait du J.O. ayant publi\u00e9 la d\u00e9claration de l\u2019association<\/li><li>L\u2019engagement du Pr\u00e9sident de votre club d\u2019informer la f\u00e9d\u00e9ration de toute modification intervenant au sein de l\u2019association.<\/li><\/ol><p><strong>Apr\u00e8s acceptation<\/strong> du dossier, <strong>vous recevrez un num\u00e9ro d\u2019affiliation club<\/strong> \u00e0 rappeler dans toute correspondance qui sera adress\u00e9e au si\u00e8ge f\u00e9d\u00e9ral, r\u00e9gional ou d\u00e9partemental.<\/p><dl class=\"spip_document_1589 spip_documents spip_documents_left\"><dt class=\"spip_doc_titre\"><\/dt><\/dl>\t\t\t\t\t\t<\/div>\n\t\t\t\t<\/div>\n\t\t\t\t\t<\/div>\n\t\t<\/div>\n\t\t\t\t\t\t\t<\/div>\n\t\t<\/section>\n\t\t\t\t<section class=\"elementor-section elementor-top-section elementor-element elementor-element-41a369b elementor-section-full_width elementor-section-stretched elementor-section-height-default elementor-section-height-default\" data-id=\"41a369b\" data-element_type=\"section\" data-settings=\"{&quot;stretch_section&quot;:&quot;section-stretched&quot;}\">\n\t\t\t\t\t\t<div class=\"elementor-container elementor-column-gap-default\">\n\t\t\t\t\t<div class=\"elementor-column elementor-col-50 elementor-top-column elementor-element elementor-element-8ff952f\" data-id=\"8ff952f\" data-element_type=\"column\">\n\t\t\t<div class=\"elementor-widget-wrap elementor-element-populated\">\n\t\t\t\t\t\t\t\t<div class=\"elementor-element elementor-element-c2b5b07 elementor-widget elementor-widget-image\" data-id=\"c2b5b07\" data-element_type=\"widget\" data-widget_type=\"image.default\">\n\t\t\t\t<div class=\"elementor-widget-container\">\n\t\t\t\t\t\t\t\t\t\t\t\t\t\t\t<img loading=\"lazy\" decoding=\"async\" width=\"630\" height=\"293\" src=\"https:\/\/www.aikido-ffab-ra.org\/wp-content\/uploads\/gerer-un-club-d-aikido\/Gerer-un-club-Aikido-2.jpg\" class=\"attachment-large size-large\" alt=\"Gerer-un-club-Aikido-2\" srcset=\"https:\/\/www.aikido-ffab-ra.org\/wp-content\/uploads\/gerer-un-club-d-aikido\/Gerer-un-club-Aikido-2.jpg 630w, https:\/\/www.aikido-ffab-ra.org\/wp-content\/uploads\/gerer-un-club-d-aikido\/Gerer-un-club-Aikido-2-450x209.jpg 450w\" sizes=\"auto, (max-width: 630px) 100vw, 630px\" \/>\t\t\t\t\t\t\t\t\t\t\t\t\t\t\t<\/div>\n\t\t\t\t<\/div>\n\t\t\t\t\t<\/div>\n\t\t<\/div>\n\t\t\t\t<div class=\"elementor-column elementor-col-50 elementor-top-column elementor-element elementor-element-6069cac\" data-id=\"6069cac\" data-element_type=\"column\">\n\t\t\t<div class=\"elementor-widget-wrap elementor-element-populated\">\n\t\t\t\t\t\t\t\t<div class=\"elementor-element elementor-element-12e5ff0 elementor-widget elementor-widget-text-editor\" data-id=\"12e5ff0\" data-element_type=\"widget\" data-widget_type=\"text-editor.default\">\n\t\t\t\t<div class=\"elementor-widget-container\">\n\t\t\t\t\t\t\t<h2>Mat\u00e9riel \u00e0 disposition pour les clubs du CILAB<\/h2><p>La ligue du Lyonnais met \u00e0 disposition du mat\u00e9riel pour ces clubs LLAB\u00a0:<\/p><ul class=\"spip\"><li>Banderole ext\u00e9rieure &#8211; A\u00cfKIDO<\/li><li>Kak\u00e9mono<\/li><li>Sono avec micro et casque<\/li><li>TV avec lecteur DVD incorpor\u00e9<\/li><\/ul><dl class=\"spip_document_2172 spip_documents spip_documents_left\"><dt class=\"spip_doc_titre\">Contactez nous pour plus de renseignements :<a href=\"https:\/\/www.aikido-ffab-ra.org\/?page_id=12\"><span style=\"text-decoration: underline;\"><strong> contact<\/strong><\/span><\/a><\/dt><\/dl><h3>Certificats m\u00e9dicaux\u00a0: Ou en sommes nous\u00a0?<\/h3><p>Le certificat m\u00e9dical n\u2019est plus obligatoire tous les ans, mais tous les 3 ans.<\/p><p>Dans la pratique, c\u2019est ainsi\u00a0:<\/p><ul class=\"spip\"><li><strong>Ann\u00e9e 1<\/strong> \/ Certificat m\u00e9dical<\/li><li><strong> Ann\u00e9e 2 <\/strong> \/ Questionnaire de sant\u00e9<\/li><li><strong>Ann\u00e9e 3 <\/strong> \/ Questionnaire de sant\u00e9<\/li><li><strong> Ann\u00e9e 4<\/strong> \/ Certificat m\u00e9dical<\/li><\/ul><p><strong>Pour les mineurs<\/strong>, c\u2019est pareil, sauf que c\u2019est le repr\u00e9sentant l\u00e9gal du mineur qui remplit<br class=\"autobr\" \/>le questionnaire de sant\u00e9<\/p><p>Le questionnaire de sant\u00e9 est homologu\u00e9 au niveau national<\/p><p><strong>FFAB_Questionnaire Sant\u00e9 t\u00e9l\u00e9chargement :<\/strong><\/p><ol><li><a href=\"https:\/\/www.aikido-ffab-ra.org\/wp-content\/uploads\/QS-adultes-cerfa_15699-01.pdf\"><em><span style=\"text-decoration: underline;\">QS adultes cerfa_15699-01<\/span><\/em><\/a><\/li><li><em><a href=\"https:\/\/www.aikido-ffab-ra.org\/wp-content\/uploads\/8-questionnaire-medical-pour-les-mineurs.pdf\"><span style=\"text-decoration: underline;\">QS pour les mineurs annexe II-23 (Art. A. 231-3)<\/span><\/a><\/em><\/li><\/ol><p>C\u2019est un document m\u00e9dical personnel, donc il ne doit pas \u00eatre remis ni au club<br class=\"autobr\" \/>ni \u00e0 la f\u00e9d\u00e9ration. Seule l\u2019attestation en fin de questionnaire doit \u00eatre fournie et conserv\u00e9e par le club.<br class=\"autobr\" \/>Si l&rsquo;adh\u00e9rent a r\u00e9pondu positivement \u00e0 un ou plusieurs des items, il ne peut pas attester que tout est n\u00e9gatif et doit alors produire un nouveau certificat m\u00e9dical de non contre indication au sport datant de moins de 1 an.<br class=\"autobr\" \/>\u00ab Dans les deux cas, vous devrez faire cocher au licenci\u00e9 la case correspondante \u00e0 sa situation sur l\u2019imprim\u00e9 de renouvellement de licence qu\u2019il devra \u00e9galement signer.<br class=\"autobr\" \/>Pour les clubs qui ont opt\u00e9 pour les licences en ligne, cette case figurera sur le bordereau r\u00e9capitulatif\u00a0\u00bb.<\/p><p>En cas de changement de f\u00e9d\u00e9ration, un nouveau certificat est demand\u00e9, m\u00eame si il en a \u00e9t\u00e9 fourni un l\u2019ann\u00e9e pr\u00e9c\u00e9dente \u00e0 une autre f\u00e9d\u00e9ration.<\/p><p><strong>ATTENTION\u00a0:<\/strong>\u00a0UN CERTIFICAT MEDICAL DE NON CONTRE-INDICATION A LA <strong>PRATIQUE INTENSIVE DE L\u2019AIKIDO <\/strong> DE MOINS D\u2019UN AN EST\u00a0OBLIGATOIRE\u00a0<strong>POUR LES EXAMENS DAN\u00a0<\/strong><\/p><h3><strong>Pr\u00e9cision sur l&rsquo;assurance FFAB<\/strong> <a href=\"https:\/\/www.aikido-ffab-ra.org\/wp-content\/uploads\/Article-assurance-lettre-du-CILAB-de-septembre-2025.pdf\"><span style=\"text-decoration: underline;\">ICI<\/span><\/a><\/h3><p>Autres infos sur le <a href=\"https:\/\/www.ffabaikido.fr\/fr\/certificat-m-dical-questionnaire-de-sant-191.html\">site FFAB\u00a0<\/a><\/p>\t\t\t\t\t\t<\/div>\n\t\t\t\t<\/div>\n\t\t\t\t\t<\/div>\n\t\t<\/div>\n\t\t\t\t\t\t\t<\/div>\n\t\t<\/section>\n\t\t\t\t\t\t\t<\/div>\n\t\t","protected":false},"excerpt":{"rendered":"<p>Cr\u00e9ation &amp; gestion d\u2019un Club d\u2019A\u00efkido FFAB Plus de 900 clubs ou sections de club sont affili\u00e9s \u00e0 la F.F.A.B et sont r\u00e9partis sur le territoire fran\u00e7ais dans vingt-six Ligues. Un club affili\u00e9 doit\u00a0: \u00eatre une Association loi 1901 (d\u00e9claration de l\u2019Association en Pr\u00e9fecture et parution au Journal Officiel) \u00eatre en conformit\u00e9 avec les r\u00e8gles [&hellip;]<\/p>\n","protected":false},"author":3,"featured_media":3670,"parent":11,"menu_order":9,"comment_status":"closed","ping_status":"closed","template":"","meta":{"footnotes":""},"class_list":["post-436","page","type-page","status-publish","has-post-thumbnail","hentry","entry","has-media"],"yoast_head":"<!-- This site is optimized with the Yoast SEO plugin v19.7.1 - https:\/\/yoast.com\/wordpress\/plugins\/seo\/ -->\n<title>Gerer un club d&#039;A\u00efkido - CILAB<\/title>\n<meta name=\"description\" content=\"Cr\u00e9ation &amp; gestion d\u2019un Club d\u2019A\u00efkido FFABPlus de 900 clubs ou sections de club sont affili\u00e9s \u00e0 la F.F.A.B et sont r\u00e9partis sur le territoire fran\u00e7ais\" \/>\n<meta name=\"robots\" content=\"index, follow, max-snippet:-1, max-image-preview:large, max-video-preview:-1\" \/>\n<link rel=\"canonical\" href=\"https:\/\/www.aikido-ffab-ra.org\/?page_id=436\" \/>\n<meta property=\"og:locale\" content=\"fr_FR\" \/>\n<meta property=\"og:type\" content=\"article\" \/>\n<meta property=\"og:title\" content=\"Gerer un club d&#039;A\u00efkido - CILAB\" \/>\n<meta property=\"og:description\" content=\"Cr\u00e9ation &amp; gestion d\u2019un Club d\u2019A\u00efkido FFABPlus de 900 clubs ou sections de club sont affili\u00e9s \u00e0 la F.F.A.B et sont r\u00e9partis sur le territoire fran\u00e7ais\" \/>\n<meta property=\"og:url\" content=\"https:\/\/www.aikido-ffab-ra.org\/?page_id=436\" \/>\n<meta property=\"og:site_name\" content=\"CILAB\" \/>\n<meta property=\"article:publisher\" content=\"https:\/\/www.facebook.com\/aikido.cilab.7\" \/>\n<meta property=\"article:modified_time\" content=\"2025-09-18T13:37:55+00:00\" \/>\n<meta property=\"og:image\" content=\"https:\/\/www.aikido-ffab-ra.org\/wp-content\/uploads\/gerer-un-club-d-aikido\/Gerer-un-club-Aikido-1.jpg\" \/>\n\t<meta property=\"og:image:width\" content=\"630\" \/>\n\t<meta property=\"og:image:height\" content=\"420\" \/>\n\t<meta property=\"og:image:type\" content=\"image\/jpeg\" \/>\n<meta name=\"twitter:card\" content=\"summary_large_image\" \/>\n<meta name=\"twitter:label1\" content=\"Dur\u00e9e de lecture estim\u00e9e\" \/>\n\t<meta name=\"twitter:data1\" content=\"4 minutes\" \/>\n<script type=\"application\/ld+json\" class=\"yoast-schema-graph\">{\"@context\":\"https:\/\/schema.org\",\"@graph\":[{\"@type\":\"WebPage\",\"@id\":\"https:\/\/www.aikido-ffab-ra.org\/?page_id=436\",\"url\":\"https:\/\/www.aikido-ffab-ra.org\/?page_id=436\",\"name\":\"Gerer un club d'A\u00efkido - CILAB\",\"isPartOf\":{\"@id\":\"https:\/\/www.aikido-ffab-ra.org\/#website\"},\"datePublished\":\"2021-03-23T18:05:06+00:00\",\"dateModified\":\"2025-09-18T13:37:55+00:00\",\"description\":\"Cr\u00e9ation &amp; gestion d\u2019un Club d\u2019A\u00efkido FFABPlus de 900 clubs ou sections de club sont affili\u00e9s \u00e0 la F.F.A.B et sont r\u00e9partis sur le territoire fran\u00e7ais\",\"breadcrumb\":{\"@id\":\"https:\/\/www.aikido-ffab-ra.org\/?page_id=436#breadcrumb\"},\"inLanguage\":\"fr-FR\",\"potentialAction\":[{\"@type\":\"ReadAction\",\"target\":[\"https:\/\/www.aikido-ffab-ra.org\/?page_id=436\"]}]},{\"@type\":\"BreadcrumbList\",\"@id\":\"https:\/\/www.aikido-ffab-ra.org\/?page_id=436#breadcrumb\",\"itemListElement\":[{\"@type\":\"ListItem\",\"position\":1,\"name\":\"Accueil\",\"item\":\"https:\/\/www.aikido-ffab-ra.org\/\"},{\"@type\":\"ListItem\",\"position\":2,\"name\":\"L&rsquo;A\u00efkido\",\"item\":\"https:\/\/www.aikido-ffab-ra.org\/?page_id=11\"},{\"@type\":\"ListItem\",\"position\":3,\"name\":\"Gerer un club d&rsquo;A\u00efkido\"}]},{\"@type\":\"WebSite\",\"@id\":\"https:\/\/www.aikido-ffab-ra.org\/#website\",\"url\":\"https:\/\/www.aikido-ffab-ra.org\/\",\"name\":\"CILAB\",\"description\":\"\",\"publisher\":{\"@id\":\"https:\/\/www.aikido-ffab-ra.org\/#organization\"},\"potentialAction\":[{\"@type\":\"SearchAction\",\"target\":{\"@type\":\"EntryPoint\",\"urlTemplate\":\"https:\/\/www.aikido-ffab-ra.org\/?s={search_term_string}\"},\"query-input\":\"required name=search_term_string\"}],\"inLanguage\":\"fr-FR\"},{\"@type\":\"Organization\",\"@id\":\"https:\/\/www.aikido-ffab-ra.org\/#organization\",\"name\":\"CILAB\",\"url\":\"https:\/\/www.aikido-ffab-ra.org\/\",\"sameAs\":[\"https:\/\/www.instagram.com\/cilab.aikido\/\",\"https:\/\/www.youtube.com\/channel\/UCt35Eapug9SYepppTidRLbA?app=desktop\",\"https:\/\/www.facebook.com\/aikido.cilab.7\"],\"logo\":{\"@type\":\"ImageObject\",\"inLanguage\":\"fr-FR\",\"@id\":\"https:\/\/www.aikido-ffab-ra.org\/#\/schema\/logo\/image\/\",\"url\":\"https:\/\/www.aikido-ffab-ra.org\/wp-content\/uploads\/2021\/03\/Logo-cilab.png\",\"contentUrl\":\"https:\/\/www.aikido-ffab-ra.org\/wp-content\/uploads\/2021\/03\/Logo-cilab.png\",\"width\":99,\"height\":100,\"caption\":\"CILAB\"},\"image\":{\"@id\":\"https:\/\/www.aikido-ffab-ra.org\/#\/schema\/logo\/image\/\"}}]}<\/script>\n<!-- \/ Yoast SEO plugin. -->","yoast_head_json":{"title":"Gerer un club d'A\u00efkido - CILAB","description":"Cr\u00e9ation &amp; gestion d\u2019un Club d\u2019A\u00efkido FFABPlus de 900 clubs ou sections de club sont affili\u00e9s \u00e0 la F.F.A.B et sont r\u00e9partis sur le territoire fran\u00e7ais","robots":{"index":"index","follow":"follow","max-snippet":"max-snippet:-1","max-image-preview":"max-image-preview:large","max-video-preview":"max-video-preview:-1"},"canonical":"https:\/\/www.aikido-ffab-ra.org\/?page_id=436","og_locale":"fr_FR","og_type":"article","og_title":"Gerer un club d'A\u00efkido - CILAB","og_description":"Cr\u00e9ation &amp; gestion d\u2019un Club d\u2019A\u00efkido FFABPlus de 900 clubs ou sections de club sont affili\u00e9s \u00e0 la F.F.A.B et sont r\u00e9partis sur le territoire fran\u00e7ais","og_url":"https:\/\/www.aikido-ffab-ra.org\/?page_id=436","og_site_name":"CILAB","article_publisher":"https:\/\/www.facebook.com\/aikido.cilab.7","article_modified_time":"2025-09-18T13:37:55+00:00","og_image":[{"width":630,"height":420,"url":"https:\/\/www.aikido-ffab-ra.org\/wp-content\/uploads\/gerer-un-club-d-aikido\/Gerer-un-club-Aikido-1.jpg","type":"image\/jpeg"}],"twitter_card":"summary_large_image","twitter_misc":{"Dur\u00e9e de lecture estim\u00e9e":"4 minutes"},"schema":{"@context":"https:\/\/schema.org","@graph":[{"@type":"WebPage","@id":"https:\/\/www.aikido-ffab-ra.org\/?page_id=436","url":"https:\/\/www.aikido-ffab-ra.org\/?page_id=436","name":"Gerer un club d'A\u00efkido - CILAB","isPartOf":{"@id":"https:\/\/www.aikido-ffab-ra.org\/#website"},"datePublished":"2021-03-23T18:05:06+00:00","dateModified":"2025-09-18T13:37:55+00:00","description":"Cr\u00e9ation &amp; gestion d\u2019un Club d\u2019A\u00efkido FFABPlus de 900 clubs ou sections de club sont affili\u00e9s \u00e0 la F.F.A.B et sont r\u00e9partis sur le territoire fran\u00e7ais","breadcrumb":{"@id":"https:\/\/www.aikido-ffab-ra.org\/?page_id=436#breadcrumb"},"inLanguage":"fr-FR","potentialAction":[{"@type":"ReadAction","target":["https:\/\/www.aikido-ffab-ra.org\/?page_id=436"]}]},{"@type":"BreadcrumbList","@id":"https:\/\/www.aikido-ffab-ra.org\/?page_id=436#breadcrumb","itemListElement":[{"@type":"ListItem","position":1,"name":"Accueil","item":"https:\/\/www.aikido-ffab-ra.org\/"},{"@type":"ListItem","position":2,"name":"L&rsquo;A\u00efkido","item":"https:\/\/www.aikido-ffab-ra.org\/?page_id=11"},{"@type":"ListItem","position":3,"name":"Gerer un club d&rsquo;A\u00efkido"}]},{"@type":"WebSite","@id":"https:\/\/www.aikido-ffab-ra.org\/#website","url":"https:\/\/www.aikido-ffab-ra.org\/","name":"CILAB","description":"","publisher":{"@id":"https:\/\/www.aikido-ffab-ra.org\/#organization"},"potentialAction":[{"@type":"SearchAction","target":{"@type":"EntryPoint","urlTemplate":"https:\/\/www.aikido-ffab-ra.org\/?s={search_term_string}"},"query-input":"required name=search_term_string"}],"inLanguage":"fr-FR"},{"@type":"Organization","@id":"https:\/\/www.aikido-ffab-ra.org\/#organization","name":"CILAB","url":"https:\/\/www.aikido-ffab-ra.org\/","sameAs":["https:\/\/www.instagram.com\/cilab.aikido\/","https:\/\/www.youtube.com\/channel\/UCt35Eapug9SYepppTidRLbA?app=desktop","https:\/\/www.facebook.com\/aikido.cilab.7"],"logo":{"@type":"ImageObject","inLanguage":"fr-FR","@id":"https:\/\/www.aikido-ffab-ra.org\/#\/schema\/logo\/image\/","url":"https:\/\/www.aikido-ffab-ra.org\/wp-content\/uploads\/2021\/03\/Logo-cilab.png","contentUrl":"https:\/\/www.aikido-ffab-ra.org\/wp-content\/uploads\/2021\/03\/Logo-cilab.png","width":99,"height":100,"caption":"CILAB"},"image":{"@id":"https:\/\/www.aikido-ffab-ra.org\/#\/schema\/logo\/image\/"}}]}},"_links":{"self":[{"href":"https:\/\/www.aikido-ffab-ra.org\/index.php?rest_route=\/wp\/v2\/pages\/436","targetHints":{"allow":["GET"]}}],"collection":[{"href":"https:\/\/www.aikido-ffab-ra.org\/index.php?rest_route=\/wp\/v2\/pages"}],"about":[{"href":"https:\/\/www.aikido-ffab-ra.org\/index.php?rest_route=\/wp\/v2\/types\/page"}],"author":[{"embeddable":true,"href":"https:\/\/www.aikido-ffab-ra.org\/index.php?rest_route=\/wp\/v2\/users\/3"}],"replies":[{"embeddable":true,"href":"https:\/\/www.aikido-ffab-ra.org\/index.php?rest_route=%2Fwp%2Fv2%2Fcomments&post=436"}],"version-history":[{"count":75,"href":"https:\/\/www.aikido-ffab-ra.org\/index.php?rest_route=\/wp\/v2\/pages\/436\/revisions"}],"predecessor-version":[{"id":5275,"href":"https:\/\/www.aikido-ffab-ra.org\/index.php?rest_route=\/wp\/v2\/pages\/436\/revisions\/5275"}],"up":[{"embeddable":true,"href":"https:\/\/www.aikido-ffab-ra.org\/index.php?rest_route=\/wp\/v2\/pages\/11"}],"wp:featuredmedia":[{"embeddable":true,"href":"https:\/\/www.aikido-ffab-ra.org\/index.php?rest_route=\/wp\/v2\/media\/3670"}],"wp:attachment":[{"href":"https:\/\/www.aikido-ffab-ra.org\/index.php?rest_route=%2Fwp%2Fv2%2Fmedia&parent=436"}],"curies":[{"name":"wp","href":"https:\/\/api.w.org\/{rel}","templated":true}]}}